{"id":1155,"date":"2023-10-15T15:47:23","date_gmt":"2023-10-15T13:47:23","guid":{"rendered":"https:\/\/steampunk-jg.fr\/?page_id=1155"},"modified":"2024-05-25T09:41:30","modified_gmt":"2024-05-25T07:41:30","slug":"des-a-jouer","status":"publish","type":"page","link":"https:\/\/steampunk-jg.fr\/index.php\/des-a-jouer\/","title":{"rendered":"d\u00e9s \u00e0 jouer en m\u00e9tal"},"content":{"rendered":"\n<figure class=\"wp-block-image size-large\"><img fetchpriority=\"high\" decoding=\"async\" width=\"1024\" height=\"576\" src=\"https:\/\/steampunk-jg.fr\/wp-content\/uploads\/2024\/05\/DSCF6299-1024x576.jpg\" alt=\"\" class=\"wp-image-1348\" srcset=\"https:\/\/steampunk-jg.fr\/wp-content\/uploads\/2024\/05\/DSCF6299-1024x576.jpg 1024w, https:\/\/steampunk-jg.fr\/wp-content\/uploads\/2024\/05\/DSCF6299-300x169.jpg 300w, https:\/\/steampunk-jg.fr\/wp-content\/uploads\/2024\/05\/DSCF6299-768x432.jpg 768w, https:\/\/steampunk-jg.fr\/wp-content\/uploads\/2024\/05\/DSCF6299-1536x864.jpg 1536w, https:\/\/steampunk-jg.fr\/wp-content\/uploads\/2024\/05\/DSCF6299-2048x1152.jpg 2048w, https:\/\/steampunk-jg.fr\/wp-content\/uploads\/2024\/05\/DSCF6299-1240x698.jpg 1240w, https:\/\/steampunk-jg.fr\/wp-content\/uploads\/2024\/05\/DSCF6299-508x286.jpg 508w\" sizes=\"(max-width: 1024px) 100vw, 1024px\" \/><\/figure>\n\n\n\n<div class=\"wp-block-columns is-layout-flex wp-container-core-columns-is-layout-9d6595d7 wp-block-columns-is-layout-flex\">\n<div class=\"wp-block-column is-layout-flow wp-block-column-is-layout-flow\" style=\"flex-basis:100%\">\n<figure class=\"wp-block-gallery has-nested-images columns-2 is-cropped is-style-rectangular wp-block-gallery-1 is-layout-flex wp-block-gallery-is-layout-flex\">\n<figure class=\"wp-block-image size-large\"><img decoding=\"async\" width=\"1024\" height=\"576\" data-id=\"1350\" src=\"https:\/\/steampunk-jg.fr\/wp-content\/uploads\/2024\/05\/DSCF6306-1024x576.jpg\" alt=\"\" class=\"wp-image-1350\" srcset=\"https:\/\/steampunk-jg.fr\/wp-content\/uploads\/2024\/05\/DSCF6306-1024x576.jpg 1024w, https:\/\/steampunk-jg.fr\/wp-content\/uploads\/2024\/05\/DSCF6306-300x169.jpg 300w, https:\/\/steampunk-jg.fr\/wp-content\/uploads\/2024\/05\/DSCF6306-768x432.jpg 768w, https:\/\/steampunk-jg.fr\/wp-content\/uploads\/2024\/05\/DSCF6306-1536x864.jpg 1536w, https:\/\/steampunk-jg.fr\/wp-content\/uploads\/2024\/05\/DSCF6306-2048x1152.jpg 2048w, https:\/\/steampunk-jg.fr\/wp-content\/uploads\/2024\/05\/DSCF6306-1240x698.jpg 1240w, https:\/\/steampunk-jg.fr\/wp-content\/uploads\/2024\/05\/DSCF6306-508x286.jpg 508w\" sizes=\"(max-width: 1024px) 100vw, 1024px\" \/><\/figure>\n\n\n\n<figure class=\"wp-block-image size-large\"><img decoding=\"async\" width=\"1024\" height=\"576\" data-id=\"1351\" src=\"https:\/\/steampunk-jg.fr\/wp-content\/uploads\/2024\/05\/DSCF6300-1024x576.jpg\" alt=\"\" class=\"wp-image-1351\" srcset=\"https:\/\/steampunk-jg.fr\/wp-content\/uploads\/2024\/05\/DSCF6300-1024x576.jpg 1024w, https:\/\/steampunk-jg.fr\/wp-content\/uploads\/2024\/05\/DSCF6300-300x169.jpg 300w, https:\/\/steampunk-jg.fr\/wp-content\/uploads\/2024\/05\/DSCF6300-768x432.jpg 768w, https:\/\/steampunk-jg.fr\/wp-content\/uploads\/2024\/05\/DSCF6300-1536x864.jpg 1536w, https:\/\/steampunk-jg.fr\/wp-content\/uploads\/2024\/05\/DSCF6300-2048x1152.jpg 2048w, https:\/\/steampunk-jg.fr\/wp-content\/uploads\/2024\/05\/DSCF6300-1240x698.jpg 1240w, https:\/\/steampunk-jg.fr\/wp-content\/uploads\/2024\/05\/DSCF6300-508x286.jpg 508w\" sizes=\"(max-width: 1024px) 100vw, 1024px\" \/><\/figure>\n\n\n\n<figure class=\"wp-block-image size-large\"><img loading=\"lazy\" decoding=\"async\" width=\"1024\" height=\"576\" data-id=\"1352\" src=\"https:\/\/steampunk-jg.fr\/wp-content\/uploads\/2024\/05\/DSCF6307-1024x576.jpg\" alt=\"\" class=\"wp-image-1352\" srcset=\"https:\/\/steampunk-jg.fr\/wp-content\/uploads\/2024\/05\/DSCF6307-1024x576.jpg 1024w, https:\/\/steampunk-jg.fr\/wp-content\/uploads\/2024\/05\/DSCF6307-300x169.jpg 300w, https:\/\/steampunk-jg.fr\/wp-content\/uploads\/2024\/05\/DSCF6307-768x432.jpg 768w, https:\/\/steampunk-jg.fr\/wp-content\/uploads\/2024\/05\/DSCF6307-1536x864.jpg 1536w, https:\/\/steampunk-jg.fr\/wp-content\/uploads\/2024\/05\/DSCF6307-2048x1152.jpg 2048w, https:\/\/steampunk-jg.fr\/wp-content\/uploads\/2024\/05\/DSCF6307-1240x698.jpg 1240w, https:\/\/steampunk-jg.fr\/wp-content\/uploads\/2024\/05\/DSCF6307-508x286.jpg 508w\" sizes=\"(max-width: 1024px) 100vw, 1024px\" \/><\/figure>\n<\/figure>\n<\/div>\n<\/div>\n\n\n\n<p><strong>D\u00e9s en m\u00e9tal ajour\u00e9<\/strong><\/p>\n\n\n\n<figure class=\"wp-block-image size-large\"><img loading=\"lazy\" decoding=\"async\" width=\"981\" height=\"1024\" src=\"https:\/\/steampunk-jg.fr\/wp-content\/uploads\/2024\/05\/IMG_20230521_175215-Copie-3-2-981x1024.jpg\" alt=\"\" class=\"wp-image-1367\" srcset=\"https:\/\/steampunk-jg.fr\/wp-content\/uploads\/2024\/05\/IMG_20230521_175215-Copie-3-2-981x1024.jpg 981w, https:\/\/steampunk-jg.fr\/wp-content\/uploads\/2024\/05\/IMG_20230521_175215-Copie-3-2-287x300.jpg 287w, https:\/\/steampunk-jg.fr\/wp-content\/uploads\/2024\/05\/IMG_20230521_175215-Copie-3-2-768x802.jpg 768w, https:\/\/steampunk-jg.fr\/wp-content\/uploads\/2024\/05\/IMG_20230521_175215-Copie-3-2-1472x1536.jpg 1472w, https:\/\/steampunk-jg.fr\/wp-content\/uploads\/2024\/05\/IMG_20230521_175215-Copie-3-2-1962x2048.jpg 1962w, https:\/\/steampunk-jg.fr\/wp-content\/uploads\/2024\/05\/IMG_20230521_175215-Copie-3-2-1240x1294.jpg 1240w, https:\/\/steampunk-jg.fr\/wp-content\/uploads\/2024\/05\/IMG_20230521_175215-Copie-3-2-508x530.jpg 508w\" sizes=\"(max-width: 981px) 100vw, 981px\" \/><\/figure>\n","protected":false},"excerpt":{"rendered":"<p>D\u00e9s en m\u00e9tal ajour\u00e9<\/p>\n","protected":false},"author":1,"featured_media":0,"parent":0,"menu_order":0,"comment_status":"closed","ping_status":"closed","template":"","meta":{"footnotes":""},"class_list":["post-1155","page","type-page","status-publish","hentry"],"colors":{"color":"948c79","contrast":"0,0,0","custom":false},"jetpack_sharing_enabled":true,"_links":{"self":[{"href":"https:\/\/steampunk-jg.fr\/index.php\/wp-json\/wp\/v2\/pages\/1155","targetHints":{"allow":["GET"]}}],"collection":[{"href":"https:\/\/steampunk-jg.fr\/index.php\/wp-json\/wp\/v2\/pages"}],"about":[{"href":"https:\/\/steampunk-jg.fr\/index.php\/wp-json\/wp\/v2\/types\/page"}],"author":[{"embeddable":true,"href":"https:\/\/steampunk-jg.fr\/index.php\/wp-json\/wp\/v2\/users\/1"}],"replies":[{"embeddable":true,"href":"https:\/\/steampunk-jg.fr\/index.php\/wp-json\/wp\/v2\/comments?post=1155"}],"version-history":[{"count":0,"href":"https:\/\/steampunk-jg.fr\/index.php\/wp-json\/wp\/v2\/pages\/1155\/revisions"}],"wp:attachment":[{"href":"https:\/\/steampunk-jg.fr\/index.php\/wp-json\/wp\/v2\/media?parent=1155"}],"curies":[{"name":"wp","href":"https:\/\/api.w.org\/{rel}","templated":true}]}}